{"id":3,"date":"2020-06-17T19:10:41","date_gmt":"2020-06-17T19:10:41","guid":{"rendered":"http:\/\/limpiezabema.com\/tienda\/?page_id=3"},"modified":"2020-07-07T01:25:28","modified_gmt":"2020-07-07T01:25:28","slug":"condiciones-generales-de-venta","status":"publish","type":"page","link":"https:\/\/limpiezabema.com\/tienda\/condiciones-generales-de-venta\/","title":{"rendered":"Condiciones generales de venta"},"content":{"rendered":"<h1>CONDICIONES GENERALES DE VENTA<\/h1>\n<p><strong>PRECIOS DE VENTA:<\/strong><br \/>\nindicar que son precios sin IVA.<br \/>\nLos productos en oferta estar\u00e1n activos \u00fanicamente cuando as\u00ed lo indique la p\u00e1gina web.<\/p>\n<p><strong>SISTEMAS DE PAGO<\/strong><br \/>\n<strong>PAYPAL:<\/strong><\/p>\n<p><strong>TRANSFERENCIA BANCARIA:<\/strong> El pedido se har\u00e1 efectivo en el momento de recepci\u00f3n de la transferencia. El n\u00famero de cuenta en el que realizar el ingreso ser\u00e1 facilitado al final del proceso de compra. En el concepto de la transferencia se debe facilitar el nombre completo.<\/p>\n<p><strong>FORMAS DE ENVIO Y PLAZOS<\/strong><br \/>\nSe garantiza la preparaci\u00f3n del pedido en el mismo d\u00eda en que se reciba o el d\u00eda en que recibamos la transferencia. Excepto los pedidos realizados en s\u00e1bados, domingos o festivos que se tramitar\u00e1n el siguiente d\u00eda laboral.<\/p>\n<p>El env\u00edo del pedido ser\u00e1 efectuado por las compa\u00f1\u00edas asignadas por www.limpiezabema.com<br \/>\nLas entregas se realizar\u00e1n en un plazo de 24\/48 horas desde el momento en el que se haga efectivo el pedido. Este plazo se podr\u00e1 incrementar para determinadas zonas o por causas de fuerza mayor ajenas a nuestra gesti\u00f3n.<\/p>\n<p>En el caso de pedidos de grandes dimensiones o productos fuera de stock, se mantendr\u00e1 informado al cliente acerca de los plazos de entrega.<\/p>\n<p><strong>GARANTIA Y DEVOLUCION<\/strong><br \/>\nTodos los productos expuestos en la web tienen garant\u00eda propia exceptuando los defectos o desperfectos debidos a una incorrecta utilizaci\u00f3n o manipulaci\u00f3n del material o los desgastes producidos por un uso normal del mismo, no se incluyen en esta garant\u00eda.<\/p>\n","protected":false},"excerpt":{"rendered":"<p>CONDICIONES GENERALES DE VENTA PRECIOS DE VENTA: indicar que son precios sin IVA. Los productos en oferta estar\u00e1n activos \u00fanicamente cuando as\u00ed lo indique la p\u00e1gina web. SISTEMAS DE PAGO PAYPAL: TRANSFERENCIA BANCARIA: El pedido se har\u00e1 efectivo en el momento de recepci\u00f3n de la transferencia. El n\u00famero de cuenta en el que realizar el [&hellip;]<\/p>\n","protected":false},"author":1,"featured_media":0,"parent":0,"menu_order":0,"comment_status":"closed","ping_status":"closed","template":"","meta":{"footnotes":""},"class_list":["post-3","page","type-page","status-publish","hentry"],"yoast_head":"<!-- This site is optimized with the Yoast SEO plugin v26.8 - https:\/\/yoast.com\/product\/yoast-seo-wordpress\/ -->\n<title>Condiciones generales de venta - Limpieza BEMA<\/title>\n<meta name=\"robots\" content=\"index, follow, max-snippet:-1, max-image-preview:large, max-video-preview:-1\" \/>\n<link rel=\"canonical\" href=\"https:\/\/limpiezabema.com\/tienda\/condiciones-generales-de-venta\/\" \/>\n<meta property=\"og:locale\" content=\"es_MX\" \/>\n<meta property=\"og:type\" content=\"article\" \/>\n<meta property=\"og:title\" content=\"Condiciones generales de venta - Limpieza BEMA\" \/>\n<meta property=\"og:description\" content=\"CONDICIONES GENERALES DE VENTA PRECIOS DE VENTA: indicar que son precios sin IVA. Los productos en oferta estar\u00e1n activos \u00fanicamente cuando as\u00ed lo indique la p\u00e1gina web. SISTEMAS DE PAGO PAYPAL: TRANSFERENCIA BANCARIA: El pedido se har\u00e1 efectivo en el momento de recepci\u00f3n de la transferencia. El n\u00famero de cuenta en el que realizar el [&hellip;]\" \/>\n<meta property=\"og:url\" content=\"https:\/\/limpiezabema.com\/tienda\/condiciones-generales-de-venta\/\" \/>\n<meta property=\"og:site_name\" content=\"Limpieza BEMA\" \/>\n<meta property=\"article:modified_time\" content=\"2020-07-07T01:25:28+00:00\" \/>\n<meta name=\"twitter:card\" content=\"summary_large_image\" \/>\n<meta name=\"twitter:label1\" content=\"Tiempo de lectura\" \/>\n\t<meta name=\"twitter:data1\" content=\"1 minuto\" \/>\n<script type=\"application\/ld+json\" class=\"yoast-schema-graph\">{\"@context\":\"https:\/\/schema.org\",\"@graph\":[{\"@type\":\"WebPage\",\"@id\":\"https:\/\/limpiezabema.com\/tienda\/condiciones-generales-de-venta\/\",\"url\":\"https:\/\/limpiezabema.com\/tienda\/condiciones-generales-de-venta\/\",\"name\":\"Condiciones generales de venta - Limpieza BEMA\",\"isPartOf\":{\"@id\":\"https:\/\/limpiezabema.com\/tienda\/#website\"},\"datePublished\":\"2020-06-17T19:10:41+00:00\",\"dateModified\":\"2020-07-07T01:25:28+00:00\",\"breadcrumb\":{\"@id\":\"https:\/\/limpiezabema.com\/tienda\/condiciones-generales-de-venta\/#breadcrumb\"},\"inLanguage\":\"es\",\"potentialAction\":[{\"@type\":\"ReadAction\",\"target\":[\"https:\/\/limpiezabema.com\/tienda\/condiciones-generales-de-venta\/\"]}]},{\"@type\":\"BreadcrumbList\",\"@id\":\"https:\/\/limpiezabema.com\/tienda\/condiciones-generales-de-venta\/#breadcrumb\",\"itemListElement\":[{\"@type\":\"ListItem\",\"position\":1,\"name\":\"Inicio\",\"item\":\"https:\/\/limpiezabema.com\/tienda\/\"},{\"@type\":\"ListItem\",\"position\":2,\"name\":\"Condiciones generales de venta\"}]},{\"@type\":\"WebSite\",\"@id\":\"https:\/\/limpiezabema.com\/tienda\/#website\",\"url\":\"https:\/\/limpiezabema.com\/tienda\/\",\"name\":\"Limpieza BEMA\",\"description\":\"Productos de limpieza\",\"potentialAction\":[{\"@type\":\"SearchAction\",\"target\":{\"@type\":\"EntryPoint\",\"urlTemplate\":\"https:\/\/limpiezabema.com\/tienda\/?s={search_term_string}\"},\"query-input\":{\"@type\":\"PropertyValueSpecification\",\"valueRequired\":true,\"valueName\":\"search_term_string\"}}],\"inLanguage\":\"es\"}]}<\/script>\n<!-- \/ Yoast SEO plugin. -->","yoast_head_json":{"title":"Condiciones generales de venta - Limpieza BEMA","robots":{"index":"index","follow":"follow","max-snippet":"max-snippet:-1","max-image-preview":"max-image-preview:large","max-video-preview":"max-video-preview:-1"},"canonical":"https:\/\/limpiezabema.com\/tienda\/condiciones-generales-de-venta\/","og_locale":"es_MX","og_type":"article","og_title":"Condiciones generales de venta - Limpieza BEMA","og_description":"CONDICIONES GENERALES DE VENTA PRECIOS DE VENTA: indicar que son precios sin IVA. Los productos en oferta estar\u00e1n activos \u00fanicamente cuando as\u00ed lo indique la p\u00e1gina web. SISTEMAS DE PAGO PAYPAL: TRANSFERENCIA BANCARIA: El pedido se har\u00e1 efectivo en el momento de recepci\u00f3n de la transferencia. El n\u00famero de cuenta en el que realizar el [&hellip;]","og_url":"https:\/\/limpiezabema.com\/tienda\/condiciones-generales-de-venta\/","og_site_name":"Limpieza BEMA","article_modified_time":"2020-07-07T01:25:28+00:00","twitter_card":"summary_large_image","twitter_misc":{"Tiempo de lectura":"1 minuto"},"schema":{"@context":"https:\/\/schema.org","@graph":[{"@type":"WebPage","@id":"https:\/\/limpiezabema.com\/tienda\/condiciones-generales-de-venta\/","url":"https:\/\/limpiezabema.com\/tienda\/condiciones-generales-de-venta\/","name":"Condiciones generales de venta - Limpieza BEMA","isPartOf":{"@id":"https:\/\/limpiezabema.com\/tienda\/#website"},"datePublished":"2020-06-17T19:10:41+00:00","dateModified":"2020-07-07T01:25:28+00:00","breadcrumb":{"@id":"https:\/\/limpiezabema.com\/tienda\/condiciones-generales-de-venta\/#breadcrumb"},"inLanguage":"es","potentialAction":[{"@type":"ReadAction","target":["https:\/\/limpiezabema.com\/tienda\/condiciones-generales-de-venta\/"]}]},{"@type":"BreadcrumbList","@id":"https:\/\/limpiezabema.com\/tienda\/condiciones-generales-de-venta\/#breadcrumb","itemListElement":[{"@type":"ListItem","position":1,"name":"Inicio","item":"https:\/\/limpiezabema.com\/tienda\/"},{"@type":"ListItem","position":2,"name":"Condiciones generales de venta"}]},{"@type":"WebSite","@id":"https:\/\/limpiezabema.com\/tienda\/#website","url":"https:\/\/limpiezabema.com\/tienda\/","name":"Limpieza BEMA","description":"Productos de limpieza","potentialAction":[{"@type":"SearchAction","target":{"@type":"EntryPoint","urlTemplate":"https:\/\/limpiezabema.com\/tienda\/?s={search_term_string}"},"query-input":{"@type":"PropertyValueSpecification","valueRequired":true,"valueName":"search_term_string"}}],"inLanguage":"es"}]}},"_links":{"self":[{"href":"https:\/\/limpiezabema.com\/tienda\/wp-json\/wp\/v2\/pages\/3","targetHints":{"allow":["GET"]}}],"collection":[{"href":"https:\/\/limpiezabema.com\/tienda\/wp-json\/wp\/v2\/pages"}],"about":[{"href":"https:\/\/limpiezabema.com\/tienda\/wp-json\/wp\/v2\/types\/page"}],"author":[{"embeddable":true,"href":"https:\/\/limpiezabema.com\/tienda\/wp-json\/wp\/v2\/users\/1"}],"replies":[{"embeddable":true,"href":"https:\/\/limpiezabema.com\/tienda\/wp-json\/wp\/v2\/comments?post=3"}],"version-history":[{"count":3,"href":"https:\/\/limpiezabema.com\/tienda\/wp-json\/wp\/v2\/pages\/3\/revisions"}],"predecessor-version":[{"id":147,"href":"https:\/\/limpiezabema.com\/tienda\/wp-json\/wp\/v2\/pages\/3\/revisions\/147"}],"wp:attachment":[{"href":"https:\/\/limpiezabema.com\/tienda\/wp-json\/wp\/v2\/media?parent=3"}],"curies":[{"name":"wp","href":"https:\/\/api.w.org\/{rel}","templated":true}]}}