{"id":95,"date":"2020-06-18T02:12:42","date_gmt":"2020-06-18T02:12:42","guid":{"rendered":"https:\/\/limpiezabema.com\/tienda\/?post_type=product&#038;p=95"},"modified":"2020-06-18T02:12:44","modified_gmt":"2020-06-18T02:12:44","slug":"ajax-bicloro","status":"publish","type":"product","link":"https:\/\/limpiezabema.com\/tienda\/producto\/ajax-bicloro\/","title":{"rendered":"Ajax Bicloro"},"content":{"rendered":"<p>Permite eliminar todos los residuos que se encuentran en las paredes y el suelo con su poderosa f\u00f3rmula Bicloro con la que est\u00e1 elaborado. Irresistible aroma que durar\u00e1 por un tiempo prolongado, remueve todo el sarro que se encuentra en el ba\u00f1o, la grasa pegada en la cocina y las manchas dif\u00edciles de quitar, agregando un sorprendente brillo a cada una de las superficies. Elimina g\u00e9rmenes y bacterias.<\/p>\n<p>Contenido: 310 grs.<\/p>\n","protected":false},"excerpt":{"rendered":"<p>Permite eliminar todos los residuos que se encuentran en las paredes y el suelo con su poderosa f\u00f3rmula Bicloro con la que est\u00e1 elaborado. Irresistible aroma que durar\u00e1 por un tiempo prolongado, remueve todo el sarro que se encuentra en el ba\u00f1o, la grasa pegada en la cocina y las manchas dif\u00edciles de quitar, agregando un sorprendente brillo a cada una de las superficies. Elimina g\u00e9rmenes y bacterias.<\/p>\n<p>Contenido: 310 grs.<\/p>\n","protected":false},"featured_media":73,"template":"","meta":[],"product_brand":[],"product_cat":[16],"product_tag":[24,25],"class_list":{"0":"post-95","1":"product","2":"type-product","3":"status-publish","4":"has-post-thumbnail","6":"product_cat-accesorios","7":"product_tag-jerceria","8":"product_tag-limpieza","10":"first","11":"instock","12":"taxable","13":"shipping-taxable","14":"purchasable","15":"product-type-simple"},"yoast_head":"<!-- This site is optimized with the Yoast SEO plugin v26.8 - https:\/\/yoast.com\/product\/yoast-seo-wordpress\/ -->\n<title>Ajax Bicloro - Limpieza BEMA<\/title>\n<meta name=\"robots\" content=\"index, follow, max-snippet:-1, max-image-preview:large, max-video-preview:-1\" \/>\n<link rel=\"canonical\" href=\"https:\/\/limpiezabema.com\/tienda\/producto\/ajax-bicloro\/\" \/>\n<meta property=\"og:locale\" content=\"es_MX\" \/>\n<meta property=\"og:type\" content=\"article\" \/>\n<meta property=\"og:title\" content=\"Ajax Bicloro - Limpieza BEMA\" \/>\n<meta property=\"og:description\" content=\"Permite eliminar todos los residuos que se encuentran en las paredes y el suelo con su poderosa f\u00f3rmula Bicloro con la que est\u00e1 elaborado. Irresistible aroma que durar\u00e1 por un tiempo prolongado, remueve todo el sarro que se encuentra en el ba\u00f1o, la grasa pegada en la cocina y las manchas dif\u00edciles de quitar, agregando un sorprendente brillo a cada una de las superficies. Elimina g\u00e9rmenes y bacterias.  Contenido: 310 grs.\" \/>\n<meta property=\"og:url\" content=\"https:\/\/limpiezabema.com\/tienda\/producto\/ajax-bicloro\/\" \/>\n<meta property=\"og:site_name\" content=\"Limpieza BEMA\" \/>\n<meta property=\"article:modified_time\" content=\"2020-06-18T02:12:44+00:00\" \/>\n<meta property=\"og:image\" content=\"https:\/\/limpiezabema.com\/tienda\/wp-content\/uploads\/2020\/06\/AJABI-BEM15.jpg\" \/>\n\t<meta property=\"og:image:width\" content=\"960\" \/>\n\t<meta property=\"og:image:height\" content=\"640\" \/>\n\t<meta property=\"og:image:type\" content=\"image\/jpeg\" \/>\n<meta name=\"twitter:card\" content=\"summary_large_image\" \/>\n<script type=\"application\/ld+json\" class=\"yoast-schema-graph\">{\"@context\":\"https:\/\/schema.org\",\"@graph\":[{\"@type\":\"WebPage\",\"@id\":\"https:\/\/limpiezabema.com\/tienda\/producto\/ajax-bicloro\/\",\"url\":\"https:\/\/limpiezabema.com\/tienda\/producto\/ajax-bicloro\/\",\"name\":\"Ajax Bicloro - Limpieza BEMA\",\"isPartOf\":{\"@id\":\"https:\/\/limpiezabema.com\/tienda\/#website\"},\"primaryImageOfPage\":{\"@id\":\"https:\/\/limpiezabema.com\/tienda\/producto\/ajax-bicloro\/#primaryimage\"},\"image\":{\"@id\":\"https:\/\/limpiezabema.com\/tienda\/producto\/ajax-bicloro\/#primaryimage\"},\"thumbnailUrl\":\"https:\/\/limpiezabema.com\/tienda\/wp-content\/uploads\/2020\/06\/AJABI-BEM15.jpg\",\"datePublished\":\"2020-06-18T02:12:42+00:00\",\"dateModified\":\"2020-06-18T02:12:44+00:00\",\"breadcrumb\":{\"@id\":\"https:\/\/limpiezabema.com\/tienda\/producto\/ajax-bicloro\/#breadcrumb\"},\"inLanguage\":\"es\",\"potentialAction\":[{\"@type\":\"ReadAction\",\"target\":[\"https:\/\/limpiezabema.com\/tienda\/producto\/ajax-bicloro\/\"]}]},{\"@type\":\"ImageObject\",\"inLanguage\":\"es\",\"@id\":\"https:\/\/limpiezabema.com\/tienda\/producto\/ajax-bicloro\/#primaryimage\",\"url\":\"https:\/\/limpiezabema.com\/tienda\/wp-content\/uploads\/2020\/06\/AJABI-BEM15.jpg\",\"contentUrl\":\"https:\/\/limpiezabema.com\/tienda\/wp-content\/uploads\/2020\/06\/AJABI-BEM15.jpg\",\"width\":960,\"height\":640,\"caption\":\"Ajax Bicloro\"},{\"@type\":\"BreadcrumbList\",\"@id\":\"https:\/\/limpiezabema.com\/tienda\/producto\/ajax-bicloro\/#breadcrumb\",\"itemListElement\":[{\"@type\":\"ListItem\",\"position\":1,\"name\":\"Inicio\",\"item\":\"https:\/\/limpiezabema.com\/tienda\/\"},{\"@type\":\"ListItem\",\"position\":2,\"name\":\"Tienda\",\"item\":\"https:\/\/limpiezabema.com\/tienda\/\"},{\"@type\":\"ListItem\",\"position\":3,\"name\":\"Ajax Bicloro\"}]},{\"@type\":\"WebSite\",\"@id\":\"https:\/\/limpiezabema.com\/tienda\/#website\",\"url\":\"https:\/\/limpiezabema.com\/tienda\/\",\"name\":\"Limpieza BEMA\",\"description\":\"Productos de limpieza\",\"potentialAction\":[{\"@type\":\"SearchAction\",\"target\":{\"@type\":\"EntryPoint\",\"urlTemplate\":\"https:\/\/limpiezabema.com\/tienda\/?s={search_term_string}\"},\"query-input\":{\"@type\":\"PropertyValueSpecification\",\"valueRequired\":true,\"valueName\":\"search_term_string\"}}],\"inLanguage\":\"es\"}]}<\/script>\n<!-- \/ Yoast SEO plugin. -->","yoast_head_json":{"title":"Ajax Bicloro - Limpieza BEMA","robots":{"index":"index","follow":"follow","max-snippet":"max-snippet:-1","max-image-preview":"max-image-preview:large","max-video-preview":"max-video-preview:-1"},"canonical":"https:\/\/limpiezabema.com\/tienda\/producto\/ajax-bicloro\/","og_locale":"es_MX","og_type":"article","og_title":"Ajax Bicloro - Limpieza BEMA","og_description":"Permite eliminar todos los residuos que se encuentran en las paredes y el suelo con su poderosa f\u00f3rmula Bicloro con la que est\u00e1 elaborado. Irresistible aroma que durar\u00e1 por un tiempo prolongado, remueve todo el sarro que se encuentra en el ba\u00f1o, la grasa pegada en la cocina y las manchas dif\u00edciles de quitar, agregando un sorprendente brillo a cada una de las superficies. Elimina g\u00e9rmenes y bacterias.  Contenido: 310 grs.","og_url":"https:\/\/limpiezabema.com\/tienda\/producto\/ajax-bicloro\/","og_site_name":"Limpieza BEMA","article_modified_time":"2020-06-18T02:12:44+00:00","og_image":[{"width":960,"height":640,"url":"https:\/\/limpiezabema.com\/tienda\/wp-content\/uploads\/2020\/06\/AJABI-BEM15.jpg","type":"image\/jpeg"}],"twitter_card":"summary_large_image","schema":{"@context":"https:\/\/schema.org","@graph":[{"@type":"WebPage","@id":"https:\/\/limpiezabema.com\/tienda\/producto\/ajax-bicloro\/","url":"https:\/\/limpiezabema.com\/tienda\/producto\/ajax-bicloro\/","name":"Ajax Bicloro - Limpieza BEMA","isPartOf":{"@id":"https:\/\/limpiezabema.com\/tienda\/#website"},"primaryImageOfPage":{"@id":"https:\/\/limpiezabema.com\/tienda\/producto\/ajax-bicloro\/#primaryimage"},"image":{"@id":"https:\/\/limpiezabema.com\/tienda\/producto\/ajax-bicloro\/#primaryimage"},"thumbnailUrl":"https:\/\/limpiezabema.com\/tienda\/wp-content\/uploads\/2020\/06\/AJABI-BEM15.jpg","datePublished":"2020-06-18T02:12:42+00:00","dateModified":"2020-06-18T02:12:44+00:00","breadcrumb":{"@id":"https:\/\/limpiezabema.com\/tienda\/producto\/ajax-bicloro\/#breadcrumb"},"inLanguage":"es","potentialAction":[{"@type":"ReadAction","target":["https:\/\/limpiezabema.com\/tienda\/producto\/ajax-bicloro\/"]}]},{"@type":"ImageObject","inLanguage":"es","@id":"https:\/\/limpiezabema.com\/tienda\/producto\/ajax-bicloro\/#primaryimage","url":"https:\/\/limpiezabema.com\/tienda\/wp-content\/uploads\/2020\/06\/AJABI-BEM15.jpg","contentUrl":"https:\/\/limpiezabema.com\/tienda\/wp-content\/uploads\/2020\/06\/AJABI-BEM15.jpg","width":960,"height":640,"caption":"Ajax Bicloro"},{"@type":"BreadcrumbList","@id":"https:\/\/limpiezabema.com\/tienda\/producto\/ajax-bicloro\/#breadcrumb","itemListElement":[{"@type":"ListItem","position":1,"name":"Inicio","item":"https:\/\/limpiezabema.com\/tienda\/"},{"@type":"ListItem","position":2,"name":"Tienda","item":"https:\/\/limpiezabema.com\/tienda\/"},{"@type":"ListItem","position":3,"name":"Ajax Bicloro"}]},{"@type":"WebSite","@id":"https:\/\/limpiezabema.com\/tienda\/#website","url":"https:\/\/limpiezabema.com\/tienda\/","name":"Limpieza BEMA","description":"Productos de limpieza","potentialAction":[{"@type":"SearchAction","target":{"@type":"EntryPoint","urlTemplate":"https:\/\/limpiezabema.com\/tienda\/?s={search_term_string}"},"query-input":{"@type":"PropertyValueSpecification","valueRequired":true,"valueName":"search_term_string"}}],"inLanguage":"es"}]}},"_links":{"self":[{"href":"https:\/\/limpiezabema.com\/tienda\/wp-json\/wp\/v2\/product\/95","targetHints":{"allow":["GET"]}}],"collection":[{"href":"https:\/\/limpiezabema.com\/tienda\/wp-json\/wp\/v2\/product"}],"about":[{"href":"https:\/\/limpiezabema.com\/tienda\/wp-json\/wp\/v2\/types\/product"}],"wp:featuredmedia":[{"embeddable":true,"href":"https:\/\/limpiezabema.com\/tienda\/wp-json\/wp\/v2\/media\/73"}],"wp:attachment":[{"href":"https:\/\/limpiezabema.com\/tienda\/wp-json\/wp\/v2\/media?parent=95"}],"wp:term":[{"taxonomy":"product_brand","embeddable":true,"href":"https:\/\/limpiezabema.com\/tienda\/wp-json\/wp\/v2\/product_brand?post=95"},{"taxonomy":"product_cat","embeddable":true,"href":"https:\/\/limpiezabema.com\/tienda\/wp-json\/wp\/v2\/product_cat?post=95"},{"taxonomy":"product_tag","embeddable":true,"href":"https:\/\/limpiezabema.com\/tienda\/wp-json\/wp\/v2\/product_tag?post=95"}],"curies":[{"name":"wp","href":"https:\/\/api.w.org\/{rel}","templated":true}]}}